he thousands digit of 6999?
6
What is the hundreds digit of 10156?
1
What is the hundreds digit of 48930?
9
What is the hundreds digit of 5872?
8
What is the thousands digit of 69498?
9
What is the thousands digit of 6415?
6
What is the thousands digit of 23138?
3
What is the units digit of 6219?
9
What is the tens digit of 1866?
6
What is the units digit of 916?
6
What is the ten thousands digit of 21009?
2
What is the units digit of 6569?
9
What is the thousands digit of 1329?
1
What is the tens digit of 6281?
8
What is the hundreds digit of 53670?
6
What is the thousands digit of 2998?
2
What is the ten thousands digit of 35655?
3
What is the units digit of 1173?
3
What is the tens digit of 28877?
7
What is the tens digit of 723?
2
What is the thousands digit of 21958?
1
What is the ten thousands digit of 92055?
9
What is the hundreds digit of 13780?
7
What is the hundreds digit of 4677?
6
What is the hundreds digit of 1549?
5
What is the tens digit of 57?
5
What is the hundreds digit of 3321?
3
What is the units digit of 7212?
2
What is the hundreds digit of 2199?
1
What is the thousands digit of 5335?
5
What is the units digit of 797?
7
What is the units digit of 7336?
6
What is the tens digit of 1784?
8
What is the units digit of 11709?
9
What is the hundreds digit of 2998?
9
What is the thousands digit of 15517?
5
What is the hundreds digit of 963?
9
What is the thousands digit of 18401?
8
What is the units digit of 12425?
5
What is the hundreds digit of 729?
7
What is the thousands digit of 34030?
4
What is the hundreds digit of 7071?
0
What is the thousands digit of 15222?
5
What is the units digit of 2593?
3
What is the ten thousands digit of 15418?
1
What is the units digit of 1150?
0
What is the thousands digit of 32801?
2
What is the units digit of 23212?
2
What is the units digit of 1396?
6
What is the tens digit of 2189?
8
What is the tens digit of 1923?
2
What is the units digit of 3473?
3
What is the tens digit of 410?
1
What is the hundreds digit of 3855?
8
What is the units digit of 37772?
2
What is the units digit of 3601?
1
What is the hundreds digit of 638?
6
What is the units digit of 886?
6
What is the hundreds digit of 183489?
4
What is the units digit of 31721?
1
What is the hundreds digit of 46334?
3
What is the hundreds digit of 1838?
8
What is the thousands digit of 38806?
8
What is the ten thousands digit of 12742?
1
What is the ten thousands digit of 83001?
8
What is the tens digit of 40118?
1
What is the thousands digit of 4743?
4
What is the hundreds digit of 19105?
1
What is the units digit of 1044?
4
What is the thousands digit of 54161?
4
What is the thousands digit of 127605?
7
What is the thousands digit of 41885?
1
What is the units digit of 4939?
9
What is the thousands digit of 3445?
3
What is the units digit of 1915?
5
What is the units digit of 4746?
6
What is the units digit of 89?
9
What is the units digit of 1839?
9
What is the units digit of 51395?
5
What is the units digit of 3789?
9
What is the units digit of 4818?
8
What is the tens digit of 3453?
5
What is the hundreds digit of 195?
1
What is the units digit of 5681?
1
What is the tens digit of 72472?
7
What is the units digit of 332?
2
What is the tens digit of 21528?
2
What is the hundreds digit of 1747?
7
What is the tens digit of 738?
3
What is the hundreds digit of 941?
9
What is the hundreds digit of 1892?
8
What is the hundreds digit of 30686?
6
What is the units digit of 2934?
4
What is the tens digit of 1983?
8
What is the units digit of 2541?
1
What is the tens digit of 7481?
8
What is the units digit of 654?
4
What is the ten thousands digit of 30260?
3
What is the hundreds digit of 2525?
5
What is the tens digit of 6043?
4
What is the thousands digit of 2984?
2
What is the hundreds digit of 50681?
6
What is the tens digit of 69331?
3
What is the ten thousands digit of 40052?
4
What is the ten thousands digit of 39848?
3
What is the units digit of 788?
8
What is the tens digit of 4344?
4
What is the tens digit of 1247?
4
What is the tens digit of 2631?
3
What is the hundreds digit of 2084?
0
What is the tens digit of 13?
1
What is the tens digit of 2630?
3
What is the units digit of 562?
2
What is the units digit of 30448?
8
What is the units digit of 42564?
4
What is the hundreds digit of 6217?
2
What is the units digit of 90582?
2
What is the tens digit of 70?
7
What is the hundreds digit of 20736?
7
What is the thousands digit of 1745?
1
What is the hundred thousands digit of 157371?
1
What is the ten thousands digit of 32878?
3
What is the units digit of 1112?
2
What is the thousands digit of 87803?
7
What is the hundreds digit of 2589?
5
What is the ten thousands digit of 59080?
5
What is the units digit of 18932?
2
What is the hundreds digit of 38672?
6
What is the hundreds digit of 1033?
0
What is the thousands digit of 1387?
1
What is the thousands digit of 15443?
5
What is the tens digit of 94?
9
What is the hundreds digit of 856?
8
What is the thousands digit of 5994?
5
What is the units digit of 4223?
3
What is the units digit of 9160?
0
What is the hundreds digit of 1602?
6
What is the units digit of 5961?
1
What is the thousands digit of 32376?
2
What is the tens digit of 10877?
7
What is the hundreds digit of 1740?
7
What is the units digit of 1172?
2
What is the ten thousands digit of 63181?
6
What is the tens digit of 262?
6
What is the thousands digit of 55580?
5
What is the tens digit of 1518?
1
What is the tens digit of 104785?
8
What is the ten thousands digit of 98180?
9
What is the hundreds digit of 116498?
4
What is the hundreds digit of 1461?
4
What is the thousands digit of 3422?
3
What is the hundred thousands digit of 135250?
1
What is the tens digit of 4131?
3
What is the tens digit of 148838?
3
What is the tens digit of 1254?
5
What is the tens digit of 6022?
2
What is the ten thousands digit of 17717?
1
What is the tens digit of 1451?
5
What is the thousands digit of 76254?
6
What is the tens digit of 3400?
0
What is the units digit of 9933?
3
What is the units digit of 1604?
4
What is the hundreds digit of 27780?
7
What is the hundred thousands digit of 137658?
1
What is the units digit of 82?
2
What is the hundreds digit of 4387?
3
What is the hundreds digit of 4593?
5
What is the thousands digit of 5150?
5
What is the thousands digit of 24590?
4
What is the units digit of 1842?
2
What is the units digit of 19555?
5
What is the units digit of 667?
7
What is the tens digit of 21791?
9
What is the units digit of 15935?
5
What is the units digit of 2227?
7
What is the units digit of 149205?
5
What is the tens digit of 391?
9
What is the units digit of 1301?
1
What is the tens digit of 2971?
7
What is the units digit of 16587?
7
What is the hundreds digit of 13826?
8
What is the thousands digit of 93738?
3
What is the tens digit of 17149?
4
What is the tens digit of 88123?
2
What is the units digit of 422?
2
What is the units digit of 2436?
6
What is the units digit of 102?
2
What is the tens digit of 1876?
7
What is the hundreds digit of 2153?
1
What is the tens digit of 464?
6
What is the hundreds digit of 81167?
1
What is the hundreds digit of 508?
5
What is the units digit of 3458?
8
What is the thousands digit of 8034?
8
What is the tens digit of 11561?
6
What is the units digit of 2973?
3
What is the thousands digit of 16882?
6
What is the tens digit of 9040?
4
What is the thousands digit of 34920?
4
What is the thousands digit of 1024?
1
What is the units digit of 1738?
8
What is the units digit of 3224?
4
What is the thousands digit of 85396?
5
What is the tens digit of 609?
0
What is the units digit of 565?
5
What is the tens digit of 24970?
7
What is the thousands digit of 1569?
1
What is the units digit of 2970?
0
What is the tens digit of 571?
7
What is the hundreds digit of 7866?
8
What is the units digit of 117?
7
What is the thousands digit of 4568?
4
What is the hundreds digit of 7608?
6
What is the tens digit of 1914?
1
What is the units digit of 1187?
7
What is the tens digit of 29366?
6
What is the tens digit of 630?
3
What is the tens digit of 5188?
8
What is the hundreds digit of 1308?
3
What is the hundreds digit of 387?
3
What is the hundreds digit of 854?
8
What is the units d